lse
Let r be 3*(4 + -2) - 0. Suppose o + 1112 = r*o - 3*v, 3*o - 2*v = 667. Is o composite?
False
Let h(z) = z**3 - 3*z**2 - 3*z + 3. Suppose 4*r - 2*u - 23 = 3, 3*u = -3. Is h(r) a prime number?
False
Let y be (36/(-30))/((-2)/400). Let f = y + -143. Is f a prime number?
True
Suppose -11 = -3*g - 2. Is g/(-18) + (-1108)/(-24) a prime number?
False
Is ((-3)/(-3))/((-3)/(-1623)) prime?
True
Let c be (6 + -4)/((-2)/(-4)). Is (326/6)/(c/12) composite?
False
Suppose -4*i = -3*i. Suppose -5*s + 34 + 36 = i. Is s a composite number?
True
Is ((-106)/6)/(1/(-3)) a prime number?
True
Let c(y) = -y**3 - 5*y**2 - 3*y + 4. Let d be c(-4). Suppose d = -w - w + 10. Let q(k) = -k**3 + 6*k**2 - 3*k + 3. Is q(w) composite?
False
Suppose -3*a + 4*a = 0. Suppose i - 3*i - 6 = a. Is 20/(-3)*i + 2 a prime number?
False
Let v(i) = -17*i + 1 + 12*i - 13*i. Let o be (-2)/5 + (-68)/(-20) + -6. Is v(o) a prime number?
False
Let h be (3 - 5)*4*-1. Suppose -d + h = -5*v, -2*d - 3*v + 8*v + 11 = 0. Suppose 0 = -2*n - 4*x + 10, d*n - x = -12 + 34. Is n a composite number?
False
Let o(z) = 2*z**2 - 2*z - 6. Let n(l) = 2*l**2 - 3*l - 5. Let m(r) = 7*n(r) - 6*o(r). Is m(6) a prime number?
True
Suppose -8*s - 1926 = -14*s. Is s prime?
False
Let o(l) = l**2 - 8*l + 7. Let y be o(7). Suppose -2*c + y*c = -242. Is c prime?
False
Let y(v) = -v**3 + 3*v**2 - v - 2. Let p be y(2). Let i be (-2 - -2) + p + -1. Is i*(-2)/(-3)*-21 prime?
False
Let g(p) = -p**3 - 8*p**2 - 7*p + 9. Let h be g(-7). Let s = 14 - h. Suppose -3*l = -s*l + 66. Is l composite?
True
Let o be (30/25)/((-1)/(-10)). Let n be 1/4 - (-21)/o. Suppose -p + 142 = 3*y, 5*y - 238 = n*p - 4*p. Is y a composite number?
True
Let z be -7 - ((3 - 2) + 2). Let h = z - -16. Suppose -2*i + h*i - 1028 = 0. Is i composite?
False
Let x(c) = c - 5. Let p be x(6). Let j = p + -7. Let n(v) = -6*v + 1. Is n(j) composite?
False
Is 221 + 0 + (1 + 1)*-1 composite?
True
Let f be (-2 - 14*1) + 2. Let m = f + 37. Is m a prime number?
True
Let p(b) = 3*b**3 - 8*b**2 + 4*b - 1. Is p(5) a composite number?
True
Let p(r) = r**3 + 9*r**2 - 14*r + 1. Is p(-9) composite?
False
Let z = 92 - -197. Is z prime?
False
Let k = -248 - -455. Suppose -j = -3*u + 133, -4*u - 2*j = u - k. Is u composite?
False
Suppose 470 = 4*f - 854. Is f prime?
True
Let k(h) = -6*h - 1. Let o be k(-1). Let l be 12/o - (-6)/(-15). Suppose 3*x - l*x - 57 = 0. Is x a prime number?
False
Is 14/14*(-710)/(-2) composite?
True
Let y = -4 + 9. Let d(u) = -u**3 + 7*u**2 - 7*u - 2. Let s be d(y). Suppose 0 = -3*p + 4*p - s. Is p a prime number?
True
Suppose -n + 4*n = -249. Let m = n - -122. Is m a prime number?
False
Suppose -140 = 5*c + 30. Let w = c - -48. Is w a prime number?
False
Let z(c) = -2*c - 9. Let f be z(-6). Suppose 12 = 4*u - 5*h, 3 = 2*u + 4*h - f. Suppose 12 = s - u. Is s prime?
False
Let z be (-3)/(-12) - (-29)/(-4). Let b(j) = -j - 5. Let c be b(z). Suppose l = -c + 88. Is l a composite number?
True
Suppose 4*w - 703 = 1461. Is w prime?
True
Let p be -110*(-2)/(-10)*-6. Suppose -3*s + p = -399. Is s prime?
False
Let l be 2/(-9) - 114/(-27). Suppose -k - l = 3*k. Let h(v) = -112*v + 1. Is h(k) composite?
False
Let z = -24 + 17. Let u = 32 + z. Is u a prime number?
False
Suppose -139 = -5*q - 9. Let m = 4 + -19. Let i = m + q. Is i a prime number?
True
Let f be (4 - -2) + -4 + 0. Suppose 5*m - f*i - 3*i = 650, 0 = -m - 4*i + 125. Is m a prime number?
False
Suppose -3*b + 24 = -7*b. Let c(v) = v**2 + 4*v - 6. Let s be c(b). Suppose 3*r - 168 = 3*a, 2*a + 94 = 2*r + s*a. Is r a composite number?
False
Let p be (-152)/(-20) + (-2)/(-5). Let f(g) = 5*g - 5. Let i(h) = -4*h + 4. Let j(n) = 3*f(n) + 2*i(n). Is j(p) prime?
False
Let b(h) = -h**2 + 6*h - 2. Let y be b(6). Is ((-518)/4)/(y/4) prime?
False
Let n(i) = -i. Let l be n(-4). Let a be l/1*1 + -1. Let z(h) = 69*h + 4. Is z(a) a prime number?
True
Let a(s) = 3*s**2 + 5*s + 5. Let q = 3 + 1. Suppose q - 24 = 5*j. Is a(j) a composite number?
True
Suppose 2*y + 0*y - 8 = 0. Suppose j - 284 = -2*x, -x + 2*j = -136 + y. Suppose 0 = -7*g + 3*g + x. Is g prime?
False
Let h(d) = -4*d**2 + 3*d - 2. Suppose -17 = -3*w - 8. Let q be h(w). Is 4*2/4 - q a composite number?
False
Suppose l - 389 = -2*q - 2*q, -5*l - 2*q + 1999 = 0. Is l prime?
True
Let x(v) = -v**3 + 10*v**2 + 10*v + 7. Let l be x(11). Let w(i) = 11*i**2 - i + 7. Is w(l) prime?
False
Let y(b) = 46*b**2 - 6*b - 3. Is y(4) composite?
False
Suppose 3*v - 5*z - 21 = 0, 3*z - 7*z - 14 = -v. Suppose v*g = g. Suppose -5*f + 0*f - 5*r + 405 = g, 5*f + 2*r - 393 = 0. Is f composite?
True
Let c(b) = b**3 - 2*b**2 - b - 7. Let u(p) = 6*p**3 + p**2 + p - 1. Let g be u(1). Suppose -30 = 2*o - g*o. Is c(o) a composite number?
False
Let v = 803 - 538. Is v a composite number?
True
Suppose 3*k - 75 = -2*l - 244, 5*k + 5*l = -275. Let v = k + 186. Is v a composite number?
False
Suppose -4*f + 0*f = 16. Is (-3)/(-12) - 643/f a composite number?
True
Let w = -43 - -138. Is w prime?
False
Is ((-1042)/8*2)/((-4)/8) composite?
False
Let r(b) = -17*b**3 + 8*b**2 + 7*b. Let w(t) = -33*t**3 + 15*t**2 + 13*t + 1. Let f(k) = -5*r(k) + 3*w(k). Is f(-2) a prime number?
True
Let n = -6 + 6. Suppose 3*h = -4*t + 367, n*t - 5*h = -4*t + 359. Is t a prime number?
False
Let u = 1 - -93. Let b be 402/5 - 2/5. Suppose -b = -3*k + u. Is k a prime number?
False
Suppose -6323 = -3*m + 1150. Is m a composite number?
True
Suppose 0 = -4*c + 182 - 58. Is c a composite number?
False
Suppose b = 5, 9*o - 1045 = 4*o + 2*b. Is o a prime number?
True
Let j(c) = -c**2 + 15*c - 11. Let h(z) = 0*z - 2 + 2*z - 1 + 0. Let i be h(7). Is j(i) composite?
True
Is (-1887)/(-13) - 0 - 8/52 prime?
False
Let f be ((-2)/6)/(1/(-9)). Let l(s) = s**2 + 2*s**3 - 3*s**f + 15 + 4 + s. Is l(0) composite?
False
Suppose 936 = 5*n - j, -101 = n - 4*j - 292. Is n a prime number?
False
Suppose 3*b - 34 = b. Let x = b + -7. Let z = x - -27. Is z a composite number?
False
Let m be ((-4)/6)/((-11)/2145). Suppose -665 + m = -2*z - 3*r, z + 5*r - 264 = 0. Is z a composite number?
False
Let l = 7 + -2. Suppose j - 13 = l*x, j + 3*j + 5 = x. Let w(f) = -29*f + 2. Is w(x) a composite number?
False
Let t = 7583 + -4494. Is t composite?
False
Let r = -1 + 1. Suppose 4*v = -m + 9, m + 2*v + 0 - 1 = r. Let i(a) = -17*a. Is i(m) a composite number?
True
Let p(s) = s**2 - 5*s - 5. Let m be p(4). Let h be 6/m - 11/(-3). Suppose h*u - u - 112 = 3*t, -3*u + t + 161 = 0. Is u a composite number?
False
Let g be (20/(-8))/(2/(-4)). Suppose g*r - 2*r - 573 = 0. Is r a prime number?
True
Let k(p) = 19*p + 2. Let h be k(2). Let x be h + (1 - 0)*1. Let u = 38 + x. Is u prime?
True
Suppose 0*b + b - 1171 = 0. Is b prime?
True
Suppose -p = s + 4*s + 11, 0 = 3*p - 3*s - 3. Let w be (3 + -6)*(p - 0). Suppose w*r - r - 18 = 0. Is r a prime number?
False
Suppose -4*l + 7 = 2*q + 3, 3*q - 2*l = -2. Suppose -n = -q*n - 77. Is n composite?
True
Suppose 0 = -4*p - 17 + 333. Is p prime?
True
Let z = 8 - 5. Let h be 0 - (2 + -1 - z). Let b(w) = w**3 - w + 1. Is b(h) prime?
True
Let s be -1*3/1*-22. Let h = s - 31. Is h composite?
True
Let i = 222 + -119. Is i prime?
True
Suppose -2*o = -2*g - 10, 0 = 5*o - g - 0*g - 21. Let t(l) = 21*l**3 - 1. Let i be t(1). Suppose -i = -o*s + 56. Is s a prime number?
True
Suppose 3*f - 261 = o, 0*f - 348 = -4*f + 4*o. Is f a prime number?
False
Suppose 0 = -5*u - 5 + 70. Let b be (-12)/(-2 - u/(-7)). Let m = 151 - b. Is m a prime number?
True
Suppose s = m + 4, -s + 2*s = -5*m + 4. Suppose -1 = -5*k - 2*f - 17, m = -k - f - 2. Is ((-33)/(-6))/((-2)/k) a prime number?
True
Suppose 0 = -6*n + 3*n + 5*i + 2922, -3*n + 2931 = -2*i. Is n prime?
False
Suppose -5 = -4*t + 3*t. Suppose -z = -t - 92. Is z a prime number?
True
Suppose 85 = 2*m - 677. Is m a composite number?
True
Suppose -7*h + 248 = -3*h. Is h prime?
False
Is (-2)/(-4)*(-8 + 11346) prime?
True
Let u be 0 - 0/(1*-3). Suppose -5*i - 3*s = 1 - 0, -2*i - s - 1 = u. Let g = 11 - i. Is g prime?
True
Let g(a) = -a**2 - 14*a - 1. Is g(-10) composite?
True
Let w(b) = 8*b**2 + 12*b + 9. Let z(q) = 24*q**2 + 35*q + 27. Let a(m) = -17*w(m) + 6*z(m). Is a(-4) a prime number?
True
Let j(h) = -h + 5. Let w = 11 - 6. Let o be j(w). Suppose 3*u - 115 - 44 = o. Is u composite?
False
Let n(k